/r)/(8/(1200/9))?
4
Let y = 353 + -18. What is the hundreds digit of y?
3
Let p(j) = -14*j. Let u(h) = -15*h + 1. Let o(a) = 4*p(a) - 5*u(a). What is the units digit of o(3)?
2
Suppose 3*i - 693 = 3*u, i = -0*i - u + 235. What is the tens digit of i?
3
Let t be (-16)/4 - 0 - -34. Let s = 92 - t. What is the units digit of s?
2
Suppose -5*f - 163 = 1012. Let i = f - -415. What is the units digit of i?
0
Let j(n) = -16*n**2 - 12 + 6*n**2 - 2 - 2*n + 34*n**3 - 35*n**3. Let q be j(-10). What is the tens digit of (-303)/(-27) + q/(-27)?
1
Let t be (4 + 0)/1*86. Suppose -4*q = 2*u - 4*u - t, -u = q - 83. What is the units digit of q?
5
Let c be (1 - 1) + (-3 - 161). Let a = c - -261. Suppose -4*k + d = -85, -4*k - 5*d + 2*d + a = 0. What is the units digit of k?
2
Suppose 2*c = w - 3 + 2, 2*w - 3*c = 1. Suppose 0 = 2*d - 2. What is the tens digit of d/(0 + w/(-20))?
2
Suppose 6*p = 2*p + 700. Suppose -15 + 120 = 3*q. Suppose q = 5*n - p. What is the units digit of n?
2
Let s = -31 - -47. Let l be (s/12)/((-4)/(-6)). Suppose -5*t = 2*b - 160, 0*t = t + l*b - 40. What is the tens digit of t?
3
Let j be (32/(-4))/(-1*2). Suppose 0 = -5*k - 2*m + 464, -j*m + 364 = -2*k + 6*k. Let w = 138 - k. What is the units digit of w?
4
Let z = 16 + -16. Suppose -3*x = -z*x - 12. Suppose x*q = 4*c - 48, q = 4*c + c - 52. What is the units digit of c?
0
Let g = -2797 - -5825. What is the tens digit of g?
2
Let q(g) be the second derivative of -g**5/20 - g**4/6 + 5*g**3/6 + g**2/2 + 10*g. What is the tens digit of q(-6)?
1
Suppose -1137*y + 1130*y + 1449 = 0. What is the units digit of y?
7
Let m be (6/(-4))/(2/4). Let n be 48/9 + 1/m. Suppose -2*z = -21 - n. What is the units digit of z?
3
Let q(g) = g**2 - 22*g + 36. What is the units digit of q(35)?
1
Let k be (-490)/2*(-4)/10. Suppose 224 = 5*g - b, -82 - k = -4*g + b. What is the tens digit of g?
4
Suppose 0 = 3*b - 2*b - 4. Suppose o = b - 0. Suppose -5*y + 130 = 5*z, -2*y - 26 + 88 = o*z. What is the tens digit of y?
2
Let s = -3 + 7. Suppose 4 = 4*x, s*x - 35 + 111 = 4*f. What is the units digit of f?
0
Suppose p + 4*p - 1705 = 0. What is the units digit of p?
1
Let m = 1891 - 1501. What is the units digit of m?
0
Let d(j) = -j**2 + 11*j - 2. Let g be 5 - (-9)/(6/2). Suppose -3*x - 40 = -g*x. What is the tens digit of d(x)?
2
Let t = -1 - -1. Suppose 6*f - 4*f - 124 = t. Suppose f = 4*r - 58. What is the tens digit of r?
3
Let w be 6/(-15)*15/(-3). Let v be 1 + -1 + w*4. Let l(j) = 5*j + 3. What is the tens digit of l(v)?
4
Let g = -62 + 127. What is the tens digit of 5/(2/(-2)*(-5)/g)?
6
Let w(m) = m + 8. Let f = -18 - -15. What is the units digit of w(f)?
5
Let x = 610 + -235. Suppose -2*p = -0*s - 4*s - 146, 5*s = 5*p - x. What is the tens digit of p?
7
Suppose 3*k - 4*d = -12, 2 = -3*k - 2*d + 8. Suppose -i + 5*u = -k*i - 31, -i - 5*u + 71 = 0. Let b = 110 - i. What is the tens digit of b?
5
What is the tens digit of 3 - -2 - 2255/(-5)?
5
Let z = 1275 - 799. What is the tens digit of z?
7
Let p(q) = -505*q - 6. What is the hundreds digit of p(-2)?
0
Let h(j) = -j + 2. Let g be h(2). Suppose -3*b - 5*c = -243, b + 4*c - 89 + 1 = g. Suppose 4*r - b = -0*r. What is the tens digit of r?
1
Suppose -4*d + l = -3*d - 652, -l = -5*d + 3276. What is the hundreds digit of d?
6
Let k = -1087 - -1930. Suppose 282 = -3*h + k. What is the hundreds digit of h?
1
Suppose 2 = 3*q - 1. Let w = 5 - q. Suppose 2*i - w*d = 0, 3*i - 45 = -3*d - 0*d. What is the units digit of i?
0
Let m be (-1937)/(-4) + (-9)/(-12). Let q = m + -316. What is the hundreds digit of q?
1
What is the hundreds digit of (-3)/(-6) + (-39615)/(-30)?
3
Suppose 5*b = 2*f - 1282 - 269, 3*b - 4*f + 925 = 0. Let l = b + 441. What is the units digit of l?
0
Suppose -9*x + 9 = -6*x, -3*x = 4*t - 8093. What is the thousands digit of t?
2
Let k be (-1 - -16)*90/50 - -3. Suppose -118 + k = -4*p. What is the units digit of p?
2
Let v be (50/(-15) - 0)/((-4)/6). Suppose 60 = v*g - 170. What is the tens digit of g?
4
Let p(s) = -s + 186. Let q be p(0). Suppose 0 = 2*h - q - 20. Suppose 27 - h = -4*d. What is the tens digit of d?
1
Let w = -11 + 13. Suppose w*d + 3*d = 40. Let y(b) = b**3 - 9*b**2 + 9*b + 1. What is the units digit of y(d)?
9
Let z = -729 - -1241. What is the tens digit of z?
1
Let z be (-48)/(-112) - 874/14. Let q be z*(3 + (0 - 2)). Let d = q - -122. What is the tens digit of d?
6
Suppose -75 = 5*q - 285. What is the units digit of q?
2
Let x(p) = 23*p - 26. Let r = -41 + 47. What is the units digit of x(r)?
2
Let i(s) be the third derivative of 1/60*s**5 - 4*s**2 + 0*s - s**3 + 1/8*s**4 + 0. What is the units digit of i(2)?
4
Suppose -4*x = -2*m, 5*x = -4*m + 5 + 8. What is the hundreds digit of 4/m - (-150 - -7)?
1
Suppose 4*d - 4*h - 5 = -13, 2*h = 8. Let f(v) = -56*v**3 + 9*v**2 + d + 57*v**3 - 2 - 10. What is the tens digit of f(-8)?
5
Suppose -5*p + 4*p - 26 = -j, -4*p - 95 = 5*j. Let f = p - -44. What is the units digit of f?
9
Suppose 0 = -3*m + 78 + 75. What is the units digit of m?
1
Suppose -2*i = c + 58, 5*i = 4*i - 3*c - 39. Suppose -2*m + 76 = 2*m - 4*o, 5*o + 65 = 3*m. What is the tens digit of m/(-30) + i/(-2)?
1
Let z(u) = u + 28. Let y be z(-12). Let r = 43 - y. What is the units digit of r?
7
Let s(v) = 4*v + 3. Let f be s(7). Suppose -5*p = -f - 229. What is the tens digit of p?
5
Suppose -3*b - r + 0*r = -144, -4*r = 12. Let v = b - -70. What is the tens digit of v?
1
Let k = 17201 + -11509. What is the tens digit of k?
9
What is the hundreds digit of (894/42 - -7)*14?
3
Let j = 11 - 5. Let t = -3 + j. Suppose 4*z = -3*l + 22, 4*l - 3*z + 1 = -t. What is the units digit of l?
2
Let d = 3 - -3. Suppose 0*v + 2*v + d = 0. Let u(t) = -t**3 + t**2 + 3*t - 2. What is the units digit of u(v)?
5
Suppose -21*d = -16*d + 45. Suppose 0 = -5*p - 3*z + 15, -z + 26 - 1 = 5*p. What is the units digit of p/((-6)/3) - d?
6
Suppose -19*i - 49350 = -66*i. What is the units digit of i?
0
Let m = 1 + 2. Suppose 4*l = -m*n + 4*n + 14, -4*l + 12 = 0. What is the tens digit of -3*(-1 - (-10)/n)?
1
Let r(o) = 3*o - 1. Let f be r(3). Let t be (-2)/f + (-2331)/36. Let b = t - -105. What is the units digit of b?
0
What is the units digit of (-5)/((-35)/12)*56?
6
Let a be -6 - -8 - (-1 + 2). Let o(w) = w**3 - w**2 + w. Let m be o(a). Suppose -4*n + m = -207. What is the tens digit of n?
5
Let c = -161 + 113. Let p = c + 63. What is the units digit of p?
5
Let f(a) = 11*a**3 + 5*a**2 - 4*a + 6. What is the hundreds digit of f(3)?
3
Suppose 63*c - 45*c - 26244 = 0. What is the tens digit of c?
5
What is the hundreds digit of (-7424)/(-12) - 9/(-27)?
6
Let d(s) = s**3 + 1. Let j be d(0). Let v be 2*(j - (-3 + 3)). Suppose 16 = 2*i - 2*r, -3*i + v*r + 2*r = -19. What is the tens digit of i?
1
Suppose 0 = -2*r + 4*r. Suppose r*o = 4*o. What is the tens digit of 3 - (o/(-4) - 21)?
2
Let d = 19 - 19. Suppose d = -4*r - r. Let g = 1 - r. What is the units digit of g?
1
Let b be 3 + 4 - 2*1. Suppose -4*j + b*j - 22 = 0. What is the tens digit of j?
2
Let l = 8 + -18. Let r(f) = f**3 + 9*f**2 - 15*f - 3. Let u be r(l). Let h = u - 20. What is the tens digit of h?
2
What is the tens digit of ((-7818)/18)/(1/(-3))?
0
Let l(d) = 4*d**3 + 18*d**2 - 5*d - 3. Let r(z) = -11*z**3 - 54*z**2 + 14*z + 8. Let v(k) = -17*l(k) - 6*r(k). What is the units digit of v(8)?
9
Let s be (7 + -2)*(-9926)/(-35). Suppose 12*z - s = 46. What is the hundreds digit of z?
1
Let z(m) = m**2 - 3*m + 17. Let k(i) = -2*i**2 + 6*i - 33. Let q(u) = -6*k(u) - 11*z(u). What is the tens digit of q(13)?
4
Let s = 1141 - 1846. Let n = -1131 - s. What is the tens digit of (-2)/3 - n/18?
2
Suppose 4*n + 2*n = 54. Let j(u) = -u**2 + 10*u - 4. Let f be j(n). Suppose f*k - 31 - 24 = 0. What is the units digit of k?
1
Let m(j) = -j - 13. Let i be m(-6). Let v(h) = -h - 38. Let f be v(0). Let l = i - f. What is the units digit of l?
1
Let k(g) = 3*g**2 - 16*g + 2. Let v be k(3). Let u(c) = 3*c**2 - 8*c + 7. Let o be u(5). Let y = o + v. What is the tens digit of y?
2
Suppose 0 = 5*r - 6*z + 8*z - 5334, 3*r - 2*z - 3194 = 0. What is the hundreds digit of r?
0
Suppose -4*o - q - 77 = 0, 5*o + 4*q + 49 = -61. Let y be (o/(-24))/((-2)/8). Let l = y - -13. What is the tens digit of l?
1
Let w(s) = -3*s**3 + 